 c?
-1368a8
In base 16, what is -1916d0 - 6?
-1916d6
In base 13, what is 16 + 2873223?
2873239
In base 3, what is 110110120220 + 2021?
110110200011
In base 3, what is -110 - -100221211001001?
100221211000121
In base 2, what is -110 + 10010000001011100110?
10010000001011100000
In base 7, what is 24316 - -113226?
140545
In base 5, what is 433 + 12120221?
12121204
In base 11, what is -4a9a9a + -14?
-4aa003
In base 6, what is -4121002 - -2232?
-4114330
In base 14, what is -48d7 - -1aa?
-472b
In base 14, what is 35b - -59362?
596bd
In base 6, what is -21 + -230453420?
-230453441
In base 2, what is -10 - 100000110010000111000010?
-100000110010000111000100
In base 6, what is -2341 + -3240454?
-3243235
In base 6, what is 15 - 510125020?
-510125001
In base 9, what is 163 + 1521310?
1521473
In base 2, what is 0 - -1011100100111001110000?
1011100100111001110000
In base 7, what is 1202340 + 2154?
1204524
In base 12, what is -13a3a3710 - 5?
-13a3a3715
In base 9, what is 43511 - 3321?
40180
In base 3, what is 11020222102 - -110110012?
11201102121
In base 2, what is 10010001100010 + -1000100000001?
1001101100001
In base 12, what is -aab54ba - -16?
-aab54a4
In base 15, what is -b705 + -201?
-b906
In base 6, what is 3 - 344252410?
-344252403
In base 12, what is -64622 - 263?
-64885
In base 11, what is 25 - -755628?
755652
In base 14, what is 55 - -10671?
106c6
In base 15, what is 16b81b3 - 3?
16b81b0
In base 7, what is -12 - -154161016?
154161004
In base 4, what is 10003213 - 22002?
3321211
In base 8, what is 3255773061 + -4?
3255773055
In base 15, what is 2 - -39503d?
395040
In base 11, what is 1 + 355a87?
355a88
In base 12, what is -2 + 671a6a8?
671a6a6
In base 14, what is -93 - 5d6c2c?
-5d6cc1
In base 5, what is 21 + 1323110212?
1323110233
In base 8, what is 12675266131 + 4?
12675266135
In base 10, what is -100982768 - -3?
-100982765
In base 9, what is -1336 + -1473?
-2820
In base 6, what is 3 + -442255431?
-442255424
In base 15, what is -d3405 - -3?
-d3402
In base 16, what is a44907 - 1?
a44906
In base 8, what is -44562361 + -4?
-44562365
In base 5, what is -13424330411 - -30?
-13424330331
In base 10, what is 4 + 938084?
938088
In base 16, what is 2 + -dc26f8?
-dc26f6
In base 10, what is -6 - 35122519?
-35122525
In base 15, what is 40 - -17269?
172a9
In base 2, what is -1011000010011000011001 + 111110?
-1011000010010111011011
In base 3, what is -10 - 11112011012120?
-11112011012200
In base 3, what is 101221120010222111 + -1?
101221120010222110
In base 12, what is a750a + 4?
a7512
In base 10, what is 203 + -51745?
-51542
In base 2, what is -1000111111110 + 111111000001?
-1000111101
In base 11, what is -4 - -5974a6?
5974a2
In base 2, what is 100110100010 - 10101100010001101?
-10100111011101011
In base 16, what is -2dc77d - -2e?
-2dc74f
In base 14, what is 1d + 5c116c?
5c118b
In base 12, what is -b71a2 + 15?
-b7189
In base 4, what is 31320120222331 - -1?
31320120222332
In base 15, what is 911 - 2369?
-1958
In base 13, what is 3a4c + -a748?
-69c9
In base 9, what is 105 - -117480?
117585
In base 2, what is 10110 + 1101110101100011001?
1101110101100101111
In base 12, what is -9a - -299304?
299226
In base 10, what is -3582 - -1908?
-1674
In base 4, what is 1131011103 + 11003?
1131022112
In base 11, what is -8460a - -32?
-84588
In base 4, what is -230200010002 + 113?
-230200003223
In base 2, what is 11010111110110010 - 100001000?
11010111010101010
In base 12, what is 4489913 - -5?
4489918
In base 11, what is -60248a9 - -28?
-6024881
In base 10, what is 2 - 8105857?
-8105855
In base 14, what is ab7 + 142?
c19
In base 10, what is 2563 + 42562?
45125
In base 16, what is -c13b1 + -f?
-c13c0
In base 2, what is -11101001101000 + -1101111100?
-11110111100100
In base 12, what is 4 + -374a489?
-374a485
In base 6, what is -1224200534 - -1?
-1224200533
In base 9, what is -1146586 + 14?
-1146572
In base 10, what is -19 - 17576712?
-17576731
In base 4, what is 3120121111 - 313?
3120120132
In base 13, what is cb1 + -b5b?
153
In base 10, what is -1 - 623120?
-623121
In base 10, what is -3 - 27518629?
-27518632
In base 11, what is -32989768 + -4?
-32989771
In base 14, what is -74 - -170718?
170684
In base 15, what is -4e6c3e + -2a?
-4e6c69
In base 9, what is -5183 + 31601?
25407
In base 11, what is 234198 - -28?
234215
In base 6, what is -2 - 205302353?
-205302355
In base 11, what is 5600 - -625a?
1085a
In base 14, what is 1b + -b64bc?
-b64a1
In base 9, what is 17763 - 720?
17043
In base 6, what is -10523 - -125000?
114033
In base 7, what is 2145161643 + -1?
2145161642
In base 14, what is -21 - 521da9d?
-521dac0
In base 16, what is -3e48 + 88?
-3dc0
In base 16, what is -2a6 + -7bf3?
-7e99
In base 11, what is -4507 + 23324?
19918
In base 10, what is -13 - -12264475?
12264462
In base 7, what is -26430 - -3633?
-22464
In base 8, what is -475 - 20041?
-20536
In base 16, what is -8f8043 - -3?
-8f8040
In base 8, what is -265220456 - -5?
-265220451
In base 11, what is 15 + 271111?
271126
In base 6, what is -104123 - 341013?
-445140
In base 16, what is -2f015a5 + 2?
-2f015a3
In base 8, what is 5 - 327571436?
-327571431
In base 4, what is -330130210222200 + 11?
-330130210222123
In base 2, what is -1000000000000110 + 10001001?
-111111101111101
In base 7, what is 3 + 40141312?
40141315
In base 6, what is 1210302043 - 1?
1210302042
In base 2, what is 1100010011011110011011 - -1110001?
1100010011100000001100
In base 16, what is 1bc159 + 2?
1bc15b
In base 9, what is 3147 + -32387?
-28240
In base 4, what is -20233333331 + -2120?
-20300002111
In base 8, what is -5451 + 120046?
112375
In base 4, what is -11 - 3221003003110?
-3221003003121
In base 16, what is f4 - -1f9cab?
1f9d9f
In base 11, what is -924187 + 6?
-924181
In base 16, what is f + -9d668?
-9d659
In base 8, what is 1467064017 + 2?
1467064021
In base 11, what is -3 - -7160738?
7160735
In base 4, what is 21201301203 - 3?
21201301200
In base 7, what is 2406132 + -1620?
2404212
In base 11, what is -114317 - 654?
-114970
In base 4, what is 132232131130 - -10?
132232131200
In base 15, what is -1 + -3e5372?
-3e5373
In base 13, what is -3a24a46 + -2?
-3a24a48
In base 2, what is 100 + 1001001111101000001101?
1001001111101000010001
In base 15, what is -4859 + a6?
-47a3
In base 3, what is -10000022012210 - 100?
-10000022020010
In base 3, what is -111102 + 1220101201?
1212220022
In base 9, what is 560 - 3020?
-2350
In base 2, what is 101001011100101 + 11110000?
101001111010101
In base 14, what is 127579 - 1?
127578
In base 12, what is -a + -3906a1b?
-3906a29
In base 4, what is 33212310012130 - -2?
33212310012132
In base 2, what is 1110100100000100 + 10010110?
1110100110011010
In base 8, what is -3 + 463330623?
463330620
In base 6, what is -1205452 + -513?
-1210405
In base 4, what is 110133220123 - -20?
110133220203
In base 8, what is 532 + 25172?
25724
In base 14, what is -3 + -a78c182?
-a78c185
In base 5, what is -31130314 + 2203?
-31123111
In base 13, what is 9452490 - -5?
9452495
In base 10, what is 88939 + -4281?
84658
In base 13, what is -2c172a6 - 3?
-2c172a9
In base 9, what is 3 + -31688385?
-31688382
In base 11, what is 438112 + -8?
438105
In base 7, what is 10 + 25263436?
25263446
In base 4, what is -30023011300 - -1021?
-30023010213
In base 9, what is 5168 - 585?
4473
In base 10, what is 2516121 + -5?
2516116
In base 14, what is 0 + 131a0d68?
131a0d68
In base 15, what is -8ae90a7 + -1?
-8ae90a8
In base 9, what is -136 + 11538557?
11538421
In base 9, what is 133716 - -12343?
146160
In base 5, what is -212104031222 - 10?
-212104031232
In base 8, what is 564 - -203416?
204202
In base 13, what is -129 - -99427b?
994152
In base 9, what is -36584 - -152?
-36432
In base 8, what is -1 + -1567046046?
-1567046047
In base 2, what is 10 - -111011101100110010011101110?
111011101100110010011110000
In base 11, what is -1 + 591600?
5915aa
In base 10, what is 896 + -3781?
-2885
In base 11, what is -5 + 52082258?
52082253
In base 12, what is 566 + -7782?
-7218
In base 5, what is -142301 + 441?
-141310
In base 12, what is -7 - -23a3468?
23a3461
In base 15, what is -48546a - 5?
-485470
In base 11, what is 2a0a455 + 6?
2a0a460
In base 8, what is -176 + 656323?
656125
In base 16, what is 6453 + -4bd?
5f96
In base 10, what is -56022 + -807?
-56829
In base